{"id":3376,"date":"2020-11-19T15:40:29","date_gmt":"2020-11-19T14:40:29","guid":{"rendered":"http:\/\/paroles-de-bibs.org\/?post_type=tribe_events&#038;p=3376"},"modified":"2020-11-19T15:42:11","modified_gmt":"2020-11-19T14:42:11","slug":"festival-du-cinema-social-et-engage-2021","status":"publish","type":"tribe_events","link":"https:\/\/paroles-de-bibs.org\/?tribe_events=festival-du-cinema-social-et-engage-2021","title":{"rendered":"Festival du cin\u00e9ma social et engag\u00e9 2021"},"content":{"rendered":"<p>&nbsp;<\/p>\n<p>&nbsp;<\/p>\n<p>Nous avons d\u00fb annuler le Festival en avril 2020 cause COVID<\/p>\n<p>Avec la s\u00e9lection effectu\u00e9e pour cette \u00e9dition, nous travaillons actuellement pour compl\u00e9ter la future programmation dans la perspective de 2021.<\/p>\n<p align=\"CENTER\"><b>Le FESTIVAL DU CINEMA SOCIAL ET ENGAGE se d\u00e9roulera les 23-24-25 AVRIL 2021 A CLERMONT FERRAND dans trois salles municipales des quartiers nord<\/b><\/p>\n<ul>\n<li class=\"yiv8190626532MsoListParagraph\"><i>Salle Victor Hugo (proche M\u00e9diath\u00e8que Croix Neyrat) \u2013 Pastille <\/i><i>Rose<\/i><i><\/i><\/li>\n<li class=\"yiv8190626532MsoListParagraph\"><i>Salle Leclanch\u00e9 rue Louise Michel \u2013 Pastille <\/i><i>Violette<\/i><i><\/i><\/li>\n<li class=\"yiv8190626532MsoListParagraph\"><i>Maison de Quartier Champratel 13 rue Adrien Mabrut \u2013 Pastille <\/i><i>Rouge<\/i><\/li>\n<\/ul>\n<p>&nbsp;<\/p>\n<p><img src=\"http:\/\/paroles-de-bibs.org\/wp-content\/uploads\/2020\/11\/image-1-1024x538.png\" alt=\"L\u2019attribut alt de cette image est vide, son nom de fichier est image-1-1024x538.png.\" \/><\/p>\n","protected":false},"excerpt":{"rendered":"<p>&nbsp; &nbsp; Nous avons d\u00fb annuler le Festival en avril 2020 cause COVID Avec la s\u00e9lection effectu\u00e9e pour cette \u00e9dition, nous travaillons actuellement pour compl\u00e9ter la future programmation dans la ...<\/p>","protected":false},"author":1,"featured_media":3373,"comment_status":"open","ping_status":"closed","template":"","meta":[],"tags":[473,19],"tribe_events_cat":[293],"_links":{"self":[{"href":"https:\/\/paroles-de-bibs.org\/index.php?rest_route=\/wp\/v2\/tribe_events\/3376"}],"collection":[{"href":"https:\/\/paroles-de-bibs.org\/index.php?rest_route=\/wp\/v2\/tribe_events"}],"about":[{"href":"https:\/\/paroles-de-bibs.org\/index.php?rest_route=\/wp\/v2\/types\/tribe_events"}],"author":[{"embeddable":true,"href":"https:\/\/paroles-de-bibs.org\/index.php?rest_route=\/wp\/v2\/users\/1"}],"replies":[{"embeddable":true,"href":"https:\/\/paroles-de-bibs.org\/index.php?rest_route=%2Fwp%2Fv2%2Fcomments&post=3376"}],"version-history":[{"count":3,"href":"https:\/\/paroles-de-bibs.org\/index.php?rest_route=\/wp\/v2\/tribe_events\/3376\/revisions"}],"predecessor-version":[{"id":3381,"href":"https:\/\/paroles-de-bibs.org\/index.php?rest_route=\/wp\/v2\/tribe_events\/3376\/revisions\/3381"}],"wp:featuredmedia":[{"embeddable":true,"href":"https:\/\/paroles-de-bibs.org\/index.php?rest_route=\/wp\/v2\/media\/3373"}],"wp:attachment":[{"href":"https:\/\/paroles-de-bibs.org\/index.php?rest_route=%2Fwp%2Fv2%2Fmedia&parent=3376"}],"wp:term":[{"taxonomy":"post_tag","embeddable":true,"href":"https:\/\/paroles-de-bibs.org\/index.php?rest_route=%2Fwp%2Fv2%2Ftags&post=3376"},{"taxonomy":"tribe_events_cat","embeddable":true,"href":"https:\/\/paroles-de-bibs.org\/index.php?rest_route=%2Fwp%2Fv2%2Ftribe_events_cat&post=3376"}],"curies":[{"name":"wp","href":"https:\/\/api.w.org\/{rel}","templated":true}]}}

Festival du cinéma social et engagé 2021

<p>&nbsp;</p>
<p>&nbsp;</p>
<p>Nous avons dû annuler le Festival en avril 2020 cause COVID</p>
<p>Avec la sélection effectuée pour cette édition, nous travaillons actuellement pour compléter la future programmation dans la perspective de 2021.</p>
<p align="CENTER"><b>Le FESTIVAL DU CINEMA SOCIAL ET ENGAGE se déroulera les 23-24-25 AVRIL 2021 A CLERMONT FERRAND dans trois salles municipales des quartiers nord</b></p>
<ul>
<li class="yiv8190626532MsoListParagraph"><i>Salle Victor Hugo (proche Médiathèque Croix Neyrat) – Pastille </i><i>Rose</i><i></i></li>
<li class="yiv8190626532MsoListParagraph"><i>Salle Leclanché rue Louise Michel – Pastille </i><i>Violette</i><i></i></li>
<li class="yiv8190626532MsoListParagraph"><i>Maison de Quartier Champratel 13 rue Adrien Mabrut – Pastille </i><i>Rouge</i></li>
</ul>
<p>&nbsp;</p>
<p><img src="http://paroles-de-bibs.org/wp-content/uploads/2020/11/image-1-1024x538.png" alt="L’attribut alt de cette image est vide, son nom de fichier est image-1-1024x538.png." /></p>

<p>&nbsp; &nbsp; Nous avons dû annuler le Festival en avril 2020 cause COVID Avec la sélection effectuée pour cette édition, nous travaillons actuellement pour compléter la future programmation dans la ...</p>
