{"id":12,"date":"2019-07-29T14:10:24","date_gmt":"2019-07-29T12:10:24","guid":{"rendered":"http:\/\/paroles-de-bibs.org\/?page_id=12"},"modified":"2021-02-20T20:48:17","modified_gmt":"2021-02-20T19:48:17","slug":"une-section-de-page-daccueil","status":"publish","type":"page","link":"https:\/\/paroles-de-bibs.org\/?page_id=12","title":{"rendered":"Accueil"},"content":{"rendered":"\n<h3 class=\"has-black-color has-text-color\"><strong>Bienvenu(e)s<\/strong><\/h3>\n<p class=\"has-black-color has-text-color\" style=\"text-align: justify;\">Le site Parole de Bibs est l\u2019expression de notre association <em><a href=\"https:\/\/paroles-de-bibs.org\/?cat=167\"><strong>PAROLES DE BIBS 63 IMAGES<\/strong><\/a><\/em>.<\/p>\n<p class=\"has-black-color has-text-color\" style=\"text-align: justify;\">PDB 63 IMAGES est une association d\u2019\u00e9ducation populaire (dont le si\u00e8ge est \u00e0 Clermont Fd , 21 rue Jean Richepin) qui organise des <strong><a href=\"https:\/\/paroles-de-bibs.org\/?tribe_events_cat=actualites\">projections-d\u00e9bats de films documentaires \u00e0 caract\u00e8re social et politique<\/a><\/strong> tout au long de l\u2019ann\u00e9e et un <strong>Festival annuel du Cin\u00e9ma Social et Engag\u00e9<\/strong> dans la deuxi\u00e8me quinzaine d\u2019avril.<\/p>\n<p class=\"has-black-color has-text-color\" style=\"text-align: justify;\"><a href=\"https:\/\/paroles-de-bibs.org\/?cat=6\"><strong>Le Festival<\/strong><\/a> se d\u00e9roule sur trois jours dans une commune de l\u2019agglom\u00e9ration clermontoise. Les seules ressources de l\u2019association sont les entr\u00e9es du festival \u00e0 prix libre qui nous permettent de r\u00e9gler les droits de diffusion et d\u2019inviter des r\u00e9alisateurs lors des projections-d\u00e9bats.<\/p>\n<p class=\"has-black-color has-text-color\" style=\"text-align: justify;\">Ami(e)s festivaliers, adh\u00e9rent(e)s ou futurs adh\u00e9rent(e)s n\u2019h\u00e9sitez pas \u00e0 nous <a href=\"https:\/\/paroles-de-bibs.org\/?page_id=10\"><strong>contacter<\/strong><\/a> ou sur notre <a href=\"https:\/\/www.facebook.com\/festivalcinemasocialengage63\/\" target=\"_blank\" rel=\"noreferrer noopener\"><strong>page FB <\/strong><\/a>.<\/p>\n<p>\u00a0<\/p>\n<h3><span class=\"tadv-color\" style=\"color: #000000;\"><strong data-rich-text-format-boundary=\"true\">Professionnels<\/strong> :<\/span><\/h3>\n<p><span class=\"tadv-color\" data-rich-text-format-boundary=\"true\">Ami(e)s r\u00e9alisateurs , producteurs, diffuseurs , vous pouvez nous adresser vos propositions de films documentaires \u00e0 caract\u00e8re social et politique \u00e0 l&#8217;adresse pdb63images@lilo.org ou via le formulaire de <strong><a href=\"https:\/\/paroles-de-bibs.org\/?page_id=10\">contact<\/a><\/strong> . La s\u00e9lection pour le prochain festival cl\u00f4turera fin d\u00e9cembre.<\/span><\/p>\n<p><span class=\"tadv-color\" data-rich-text-format-boundary=\"true\">Merci de nous transmettre un lien priv\u00e9 de votre r\u00e9alisation ou \u00e0 d\u00e9faut une bande-annonce.<\/span><\/p>\n\n\n\n<p>\u00a0<\/p>\n<p>Politique de confidentialit\u00e9 et d&#8217;utilisation des donn\u00e9es &#8211; <a href=\"https:\/\/paroles-de-bibs.org\/?page_id=3\" data-wplink-edit=\"true\">Lire<\/a><\/p>\n<p>\u00a0<\/p>\n<p style=\"text-align: center;\">\u00a0<\/p>\n","protected":false},"excerpt":{"rendered":"<p>Bienvenu(e)s Le site Parole de Bibs est l\u2019expression de notre association PAROLES DE BIBS 63 IMAGES. PDB 63 IMAGES est une association d\u2019\u00e9ducation populaire (dont le si\u00e8ge est \u00e0 Clermont ...<\/p>","protected":false},"author":1,"featured_media":0,"parent":0,"menu_order":0,"comment_status":"closed","ping_status":"closed","template":"","meta":[],"_links":{"self":[{"href":"https:\/\/paroles-de-bibs.org\/index.php?rest_route=\/wp\/v2\/pages\/12"}],"collection":[{"href":"https:\/\/paroles-de-bibs.org\/index.php?rest_route=\/wp\/v2\/pages"}],"about":[{"href":"https:\/\/paroles-de-bibs.org\/index.php?rest_route=\/wp\/v2\/types\/page"}],"author":[{"embeddable":true,"href":"https:\/\/paroles-de-bibs.org\/index.php?rest_route=\/wp\/v2\/users\/1"}],"replies":[{"embeddable":true,"href":"https:\/\/paroles-de-bibs.org\/index.php?rest_route=%2Fwp%2Fv2%2Fcomments&post=12"}],"version-history":[{"count":26,"href":"https:\/\/paroles-de-bibs.org\/index.php?rest_route=\/wp\/v2\/pages\/12\/revisions"}],"predecessor-version":[{"id":3509,"href":"https:\/\/paroles-de-bibs.org\/index.php?rest_route=\/wp\/v2\/pages\/12\/revisions\/3509"}],"wp:attachment":[{"href":"https:\/\/paroles-de-bibs.org\/index.php?rest_route=%2Fwp%2Fv2%2Fmedia&parent=12"}],"curies":[{"name":"wp","href":"https:\/\/api.w.org\/{rel}","templated":true}]}}

<h3 class="has-black-color has-text-color"><strong>Bienvenu(e)s</strong></h3>
<p class="has-black-color has-text-color" style="text-align: justify;">Le site Parole de Bibs est l’expression de notre association <em><a href="https://paroles-de-bibs.org/?cat=167"><strong>PAROLES DE BIBS 63 IMAGES</strong></a></em>.</p>
<p class="has-black-color has-text-color" style="text-align: justify;">PDB 63 IMAGES est une association d’éducation populaire (dont le siège est à Clermont Fd , 21 rue Jean Richepin) qui organise des <strong><a href="https://paroles-de-bibs.org/?tribe_events_cat=actualites">projections-débats de films documentaires à caractère social et politique</a></strong> tout au long de l’année et un <strong>Festival annuel du Cinéma Social et Engagé</strong> dans la deuxième quinzaine d’avril.</p>
<p class="has-black-color has-text-color" style="text-align: justify;"><a href="https://paroles-de-bibs.org/?cat=6"><strong>Le Festival</strong></a> se déroule sur trois jours dans une commune de l’agglomération clermontoise. Les seules ressources de l’association sont les entrées du festival à prix libre qui nous permettent de régler les droits de diffusion et d’inviter des réalisateurs lors des projections-débats.</p>
<p class="has-black-color has-text-color" style="text-align: justify;">Ami(e)s festivaliers, adhérent(e)s ou futurs adhérent(e)s n’hésitez pas à nous <a href="https://paroles-de-bibs.org/?page_id=10"><strong>contacter</strong></a> ou sur notre <a href="https://www.facebook.com/festivalcinemasocialengage63/" target="_blank" rel="noreferrer noopener"><strong>page FB </strong></a>.</p>
<p> </p>
<h3><span class="tadv-color" style="color: #000000;"><strong data-rich-text-format-boundary="true">Professionnels</strong> :</span></h3>
<p><span class="tadv-color" data-rich-text-format-boundary="true">Ami(e)s réalisateurs , producteurs, diffuseurs , vous pouvez nous adresser vos propositions de films documentaires à caractère social et politique à l&#8217;adresse pdb63images@lilo.org ou via le formulaire de <strong><a href="https://paroles-de-bibs.org/?page_id=10">contact</a></strong> . La sélection pour le prochain festival clôturera fin décembre.</span></p>
<p><span class="tadv-color" data-rich-text-format-boundary="true">Merci de nous transmettre un lien privé de votre réalisation ou à défaut une bande-annonce.</span></p>



<p> </p>
<p>Politique de confidentialité et d&#8217;utilisation des données &#8211; <a href="https://paroles-de-bibs.org/?page_id=3" data-wplink-edit="true">Lire</a></p>
<p> </p>
<p style="text-align: center;"> </p>

<p>Bienvenu(e)s Le site Parole de Bibs est l’expression de notre association PAROLES DE BIBS 63 IMAGES. PDB 63 IMAGES est une association d’éducation populaire (dont le siège est à Clermont ...</p>
